 the prime factors of 1118359?
11, 19, 5351
List the prime factors of 229909.
61, 3769
What are the prime factors of 2173767?
3, 293, 2473
List the prime factors of 4439378.
2, 29, 76541
What are the prime factors of 2085118?
2, 7, 17, 8761
What are the prime factors of 663463?
663463
List the prime factors of 10343192.
2, 23, 67, 839
What are the prime factors of 95015?
5, 31, 613
List the prime factors of 56539.
7, 41, 197
List the prime factors of 8283056.
2, 401, 1291
List the prime factors of 11361665.
5, 7, 324619
List the prime factors of 252992.
2, 59, 67
What are the prime factors of 1061932?
2, 265483
List the prime factors of 1285521.
3, 19, 1187
What are the prime factors of 241379?
281, 859
What are the prime factors of 15032004?
2, 3, 13, 167, 577
What are the prime factors of 160650?
2, 3, 5, 7, 17
What are the prime factors of 734512?
2, 29, 1583
What are the prime factors of 111685?
5, 7, 3191
What are the prime factors of 1669954?
2, 11, 13, 5839
What are the prime factors of 8044163?
19, 22283
What are the prime factors of 964016?
2, 60251
List the prime factors of 281091.
3, 43, 2179
List the prime factors of 263461.
11, 43, 557
What are the prime factors of 1405391?
13, 108107
What are the prime factors of 429975?
3, 5, 7, 13
List the prime factors of 289924.
2, 72481
What are the prime factors of 3724677?
3, 11, 12541
What are the prime factors of 871309?
23, 43, 881
List the prime factors of 11932022.
2, 5966011
What are the prime factors of 342215?
5, 68443
List the prime factors of 4356293.
29, 150217
What are the prime factors of 2419702?
2, 29, 41719
What are the prime factors of 899505?
3, 5, 2221
What are the prime factors of 626979?
3, 208993
List the prime factors of 4566430.
2, 5, 11, 41513
List the prime factors of 15480732.
2, 3, 173, 7457
What are the prime factors of 69934?
2, 73, 479
List the prime factors of 5097692.
2, 1274423
List the prime factors of 25016870.
2, 5, 23, 108769
List the prime factors of 685051.
685051
List the prime factors of 948125.
5, 37, 41
List the prime factors of 152650.
2, 5, 43, 71
What are the prime factors of 1796758?
2, 677, 1327
What are the prime factors of 1100414?
2, 7, 83, 947
List the prime factors of 13356113.
103, 129671
What are the prime factors of 339834?
2, 3, 11, 19, 271
List the prime factors of 25661387.
37, 167, 4153
What are the prime factors of 40174?
2, 53, 379
What are the prime factors of 10012391?
10012391
List the prime factors of 761651.
11, 17, 4073
What are the prime factors of 7368028?
2, 41, 44927
List the prime factors of 834793.
79, 10567
What are the prime factors of 368947?
368947
List the prime factors of 88859.
17, 5227
List the prime factors of 1928692.
2, 47, 10259
What are the prime factors of 14022882?
2, 3, 86561
What are the prime factors of 4517608?
2, 564701
What are the prime factors of 10198?
2, 5099
List the prime factors of 696214.
2, 127, 2741
What are the prime factors of 210852?
2, 3, 5857
What are the prime factors of 4134159?
3, 53, 107
What are the prime factors of 432549?
3, 13, 3697
List the prime factors of 6151297.
17, 487, 743
What are the prime factors of 8447450?
2, 5, 11, 15359
List the prime factors of 10865.
5, 41, 53
What are the prime factors of 259463?
23, 29, 389
What are the prime factors of 2804434?
2, 113, 12409
What are the prime factors of 18552398?
2, 19, 23, 21227
List the prime factors of 36163014.
2, 3, 89, 241, 281
List the prime factors of 386888.
2, 137, 353
What are the prime factors of 16573608?
2, 3, 230189
What are the prime factors of 252056?
2, 7, 643
What are the prime factors of 1581965?
5, 7, 11, 587
List the prime factors of 19148500.
2, 5, 7, 5471
List the prime factors of 1991023.
17, 117119
What are the prime factors of 803599?
677, 1187
What are the prime factors of 180777?
3, 60259
List the prime factors of 1275194.
2, 637597
List the prime factors of 2008985.
5, 11, 36527
What are the prime factors of 17557?
97, 181
What are the prime factors of 4469323?
4469323
List the prime factors of 353277.
3, 17, 2309
What are the prime factors of 744147?
3, 9187
List the prime factors of 19685456.
2, 7, 17, 211
List the prime factors of 2637355.
5, 7, 75353
List the prime factors of 209057.
19, 11003
What are the prime factors of 1346459?
43, 173, 181
What are the prime factors of 429425?
5, 89, 193
What are the prime factors of 711557?
7, 11, 9241
What are the prime factors of 1407799?
59, 107, 223
List the prime factors of 481925.
5, 37, 521
What are the prime factors of 3736038?
2, 3, 37, 16829
What are the prime factors of 4619722?
2, 97, 23813
List the prime factors of 2532353.
193, 13121
List the prime factors of 323759.
323759
List the prime factors of 3769836.
2, 3, 7, 44879
What are the prime factors of 4721843?
7, 653, 1033
List the prime factors of 10042571.
7, 11, 130423
List the prime factors of 650682.
2, 3, 37, 977
What are the prime factors of 1919516?
2, 479879
List the prime factors of 3086051.
61, 50591
What are the prime factors of 902073?
3, 300691
What are the prime factors of 3103833?
3, 47, 22013
What are the prime factors of 62930?
2, 5, 7, 29, 31
List the prime factors of 76164.
2, 3, 11, 577
List the prime factors of 2399523.
3, 7, 163, 701
List the prime factors of 12050083.
599, 20117
What are the prime factors of 5899587?
3, 59, 33331
What are the prime factors of 5607137?
5607137
What are the prime factors of 1486380?
2, 3, 5, 7, 3539
List the prime factors of 25166495.
5, 5033299
What are the prime factors of 4147174?
2, 29, 71503
What are the prime factors of 79301?
79301
What are the prime factors of 294108?
2, 3, 24509
List the prime factors of 1429793.
41, 43, 811
List the prime factors of 1380207.
3, 23, 83, 241
What are the prime factors of 9777218?
2, 11, 311, 1429
What are the prime factors of 15023696?
2, 938981
What are the prime factors of 3388810?
2, 5, 109, 3109
What are the prime factors of 240729?
3, 29, 2767
What are the prime factors of 2816521?
661, 4261
List the prime factors of 1208220.
2, 3, 5, 13, 1549
List the prime factors of 1341787.
1341787
What are the prime factors of 864287?
29, 29803
What are the prime factors of 15848?
2, 7, 283
List the prime factors of 310891.
7, 23, 1931
List the prime factors of 2104193.
7, 13, 19, 1217
List the prime factors of 2332990.
2, 5, 11, 127, 167
List the prime factors of 672586.
2, 37, 61, 149
List the prime factors of 1229459.
7, 11, 2281
What are the prime factors of 1619240?
2, 5, 7, 5783
List the prime factors of 1996800.
2, 3, 5, 13
What are the prime factors of 810346?
2, 419, 967
What are the prime factors of 7649615?
5, 347, 4409
List the prime factors of 66295.
5, 13259
List the prime factors of 729216.
2, 3, 211
List the prime factors of 26261324.
2, 6565331
What are the prime factors of 1179242?
2, 41, 73, 197
What are the prime factors of 7446601?
7446601
List the prime factors of 2787407.
7, 491, 811
List the prime factors of 447901.
447901
List the prime factors of 193900.
2, 5, 7, 277
List the prime factors of 300715.
5, 137, 439
What are the prime factors of 3673516?
2, 7, 11, 11927
What are the prime factors of 487668?
2, 3, 40639
List the prime factors of 28238229.
3, 43, 131, 557
List the prime factors of 187451.
11, 17041
What are the prime factors of 930066?
2, 3, 379, 409
List the prime factors of 677304.
2, 3, 23, 409
List the prime factors of 961516.
2, 240379
What are the prime factors of 104526?
2, 3, 5807
What are the prime factors of 8249264?
2, 515579
What are the prime factors of 209115?
3, 5, 1549
What are the prime factors of 788073?
3, 11, 13, 167
List the prime factors of 955228.
2, 47, 5081
List the prime factors of 2495136.
2, 3, 7, 47, 79
List the prime factors of 848.
2, 53
What are the prime factors of 6082?
2, 3041
List the prime factors of 2784316.
2, 696079
What are the prime factors of 60672?
2, 3, 79
What are the prime factors of 13632772?
2, 113, 30161
What are the prime factors of 13918556?
2, 71, 49009
What are the prime factors of 514991?
107, 4813
List the prime factors of 493281.
3, 23, 2383
What are the prime factors of 3873626?
2, 1936813
List the prime factors of 15061858.
2, 7, 53, 383
List the prime factors of 21233653.
7, 181, 16759
What ar